 22 and m.
22
Let y(m) = 4*m**3 - 22*m**2 + 4*m + 18. Let d be y(6). Suppose -3*o + 12 + d = 0. Calculate the highest common divisor of o and 231.
21
Let w(p) = 2*p**2 + 110*p - 63. Let d be w(-56). What is the highest common factor of 476 and d?
7
Let y = -5007 - -5094. What is the greatest common divisor of 5307 and y?
87
Let y be 18/(-4)*20/(-3). Let i(x) = 213*x - 6583. Let l be i(31). What is the greatest common divisor of y and l?
10
Suppose 0*h = 6*h - 12. Suppose -7938 = -16*z - h*z. Calculate the highest common factor of 9 and z.
9
Let x(d) = d + 38. Let p be (1/2)/((-6)/(-84)). Let k be x(p). What is the highest common factor of 405 and k?
45
Let u = -374 - -379. Suppose -5*r - 8*k + 4*k + 1836 = 0, -u*k = 4*r - 1476. Calculate the greatest common divisor of r and 52.
52
Let m be 116 - (2 + 2/(-2)). Let z = -14 - -17. Suppose z*n - 68 = 70. What is the greatest common factor of n and m?
23
Let t = 11848 + -11743. What is the highest common divisor of 420 and t?
105
Let s be 26*(2 - 6/4). Let f(r) = 3*r**2 + 1131*r - 11428. Let c be f(10). What is the greatest common factor of s and c?
13
Suppose -4*s + 5*m - 7 = -178, 3*m = -2*s + 25. Suppose 0 = -2*w - 0*w + 1392. Calculate the greatest common divisor of s and w.
29
Let l = 3196 + -2036. Suppose -2*g = -4*u + 512 + 620, -l = -4*u - 5*g. Calculate the greatest common divisor of u and 19.
19
Suppose 8*k = 4*k + 364. Let z = k + -31. Let u(c) = 3*c**2 - 7*c + 14. Let r be u(3). Calculate the highest common divisor of r and z.
20
Let w(m) = -5*m**2 - 86*m + 1. Let o be w(-14). Calculate the highest common divisor of 1725 and o.
75
Suppose 6 = q + 3*q + 2*c, -5*q - 3*c + 7 = 0. Let m be 108/8 + (-3)/q. Let b be (6/(-4))/(-5 - (-308)/64). Calculate the highest common factor of m and b.
4
Suppose -3*v - 6 = 0, -128 = -5*l - 0*l - v. Suppose -4*j = -20, -13*j + 249 = b - 10*j. What is the greatest common factor of b and l?
26
Let z = -2043 + 2411. Calculate the highest common divisor of 828 and z.
92
Let t be (-4752)/220*2*-15. What is the greatest common factor of t and 48?
24
Let i(k) = -k**2 + 12*k - 23. Let g be i(3). Suppose -219 + 255 = g*m. Calculate the highest common factor of 81 and m.
9
Let l(z) = -4*z**2 - 67*z + 56. Let s be l(-16). What is the highest common divisor of 200 and s?
8
Suppose 5*x - 6568 = -91*x + 344. Calculate the highest common divisor of x and 450.
18
Suppose 18*j - 4*j = -140. Let m be j/30*(-10 - 2). What is the greatest common divisor of 36 and m?
4
Let g(h) = 280*h**2 - 4*h - 1. Let z be g(-1). Let c = z - 52. Calculate the greatest common divisor of 21 and c.
21
Let w = -146 - -354. Suppose 4*m - 4*u - 84 = 0, -m - 5*u - 8 = 1. What is the highest common divisor of w and m?
16
Let v(n) = -3*n**2 + 9*n - 18. Let c be v(6). Let x = c - -198. Calculate the greatest common factor of 84 and x.
42
Let o(p) = -26*p + 470. Let r be o(17). Suppose -7*d - 16 = -3*d. Let z = d + 8. What is the greatest common factor of r and z?
4
Let i be (-363)/(-3)*4/4. Let v = 448 - 548. Let w = i + v. Calculate the greatest common divisor of w and 231.
21
Suppose -4*w = -4*b + 512, 0*w - 4*w = 4. Suppose 273 = 8*s - 11*s. Let p = s + b. Calculate the highest common divisor of 9 and p.
9
Let l(o) = -127*o + 379. Let w be l(5). Let v = -1246 - -847. Let k = w - v. What is the greatest common divisor of 11 and k?
11
Let u = -9520 + 9548. Let p be (8/(-3))/(2/(-42)). Suppose 2*k - p = k. Calculate the greatest common factor of u and k.
28
Let o(a) be the second derivative of 79*a**4/12 - 13*a**3/6 + a**2 - 56*a. Let q be o(1). What is the greatest common divisor of q and 12?
4
Suppose 5*h - 5 = 0, -48*w = -46*w + 4*h - 290. What is the greatest common divisor of 1586 and w?
13
Let o(q) be the third derivative of -11*q**4/12 - 53*q**3/6 - 131*q**2. Let a be o(-29). What is the greatest common factor of a and 45?
45
Let i be (4 + (-24)/10)*70. Suppose 3*z - 45 = 39. What is the highest common factor of i and z?
28
Suppose 10*a - 993 = 7*a. Suppose -4*h - 11 = -a. What is the greatest common factor of 10 and h?
10
Let i(m) = -6*m - 1 - m + 6*m. Let x = -146 + 141. Let c be i(x). Calculate the highest common divisor of 4 and c.
4
Suppose -5*d = -d - 5*s + 24, 0 = -s. Let u = d - -10. Suppose -4*x + 184 = 3*i, u*x = 3 - 23. Calculate the greatest common factor of 102 and i.
34
Suppose -n - 2*f - 9 = 0, -5*n - 5*f - 33 = 27. Let t be 12 + 0 - (n - -13)*1. Calculate the highest common divisor of t and 182.
14
Suppose -4*d - 5*g + 51 = 0, 9*d - 6 = 7*d + 4*g. Let m be (-44)/(-3) + (-12)/162*d. Calculate the greatest common divisor of m and 224.
14
Suppose 0 = 130*p - 16*p - 5016. What is the highest common divisor of 1364 and p?
44
Suppose 0 = -w - 3*i, 2*w - 4*i = -2*i. Suppose -2*l + 5*l - 51 = w. Let f = 2959 + -2908. Calculate the highest common factor of f and l.
17
Let a be 12/14*56/32*-26. Let r = 192 + a. Calculate the highest common divisor of 9 and r.
9
Let l(g) be the third derivative of 11*g**5/20 + g**4/12 + g**3/3 + 4*g**2 - 1. Let i be l(-1). Calculate the greatest common divisor of i and 44.
11
Let u(v) = -816*v**3 + 2*v**2 + 4*v + 3. Let k be u(-1). What is the highest common divisor of k and 342?
19
Let s = -5783 + 5787. Calculate the highest common divisor of s and 53.
1
Let a = -5887 + 6027. Let c = -3 - -213. What is the greatest common divisor of a and c?
70
Let l be ((-24)/36)/(4/(-18)). Let x = 37 + -22. Suppose 3*u + u - 212 = 4*v, l*v = -x. What is the highest common divisor of 6 and u?
6
Let w = -725 + 434. Let f = w - -299. Calculate the greatest common factor of 68 and f.
4
Let z(g) = -4*g**2 + 26*g + 8. Suppose 12 = 4*a, 0 = b + 16*a - 20*a + 8. Let y be z(b). Calculate the highest common factor of 984 and y.
24
Let w = -15380 + 16248. What is the greatest common factor of 372 and w?
124
Suppose -164*l = -16*l - 34845 + 11165. What is the greatest common divisor of 85 and l?
5
Let c(m) = -m + 88. Let n be c(-22). Suppose 0 = 2*l - 2*q - 1 - 213, -n = -l + 4*q. What is the highest common divisor of 4 and l?
2
Let o(g) = -13*g**3 - 88*g**2 + 7*g + 9. Let j be o(-12). What is the highest common factor of j and 237?
237
Let r be 92*((-36)/(-342) + (-315)/(-76)). What is the highest common factor of 299 and r?
23
Let m(d) = d**3 + d**2 + 2*d + 27. Let b be m(0). Suppose 0*a = b*a - 1188. Calculate the greatest common factor of a and 33.
11
Let d(l) = -51*l**2 + 580*l - 21. Let r be d(11). What is the highest common divisor of 84 and r?
4
Suppose -g = 4, 7*g - 3*g = -5*m + 369. Suppose 5*v + 10 = -30. Let d = 3 - v. What is the greatest common divisor of m and d?
11
Let w be (32 - 29)/(6/30). Suppose -2*v + 5*p - 5 = 0, 3*v + 5*p - 32 - 23 = 0. Calculate the greatest common factor of w and v.
5
Suppose 3*l + 392 = 1208. Let c = 237 - 101. Let m be ((-6)/(-4))/((-538)/c + 4). What is the greatest common divisor of m and l?
34
Suppose 3*u + 3*u - 929 = -743. What is the greatest common factor of 2511 and u?
31
Let q(d) = -145*d - 568. Let n be q(-4). Suppose 2*x + 84 = 5*x. Calculate the greatest common divisor of x and n.
4
Let o(s) = -s + 21. Let d be o(8). Let f(g) = -21*g**3 - 12*g**2 - 24*g + 2. Let p be f(-3). Calculate the highest common divisor of p and d.
13
Let u(a) = a - 1. Let n(i) = i**2 - 2*i + 3. Let t(w) = n(w) - u(w). Let p be t(-9). Suppose o - p = -24. What is the greatest common divisor of 11 and o?
11
Let i(f) = f**3 + 7. Let m be i(5). What is the highest common divisor of 612 and m?
12
Suppose 162*d - 163605 = 203163. Calculate the highest common divisor of 8 and d.
8
Suppose 20 = 4*y, 0 = f + 6*y + 41 - 995. Calculate the greatest common divisor of f and 588.
84
Let n = 804 + -168. Let w be (-1184)/(-128) + 1 + 28/16. Calculate the greatest common factor of w and n.
12
Suppose 2*n + 32 + 18 = -o, 0 = 2*n - 4*o + 50. Let w = n - -17. Let x be 5 - (1 + w/2). What is the highest common divisor of x and 56?
8
Let f = -6 + 17. Suppose 4*p - 1565 = 9*p. Let h = p + 346. What is the greatest common factor of h and f?
11
Suppose -2*k + 18 = 3*y - 70, -k = -y - 39. Suppose k + 59 = 5*a. Calculate the highest common divisor of a and 80.
20
Let q be (-1)/14 + 2028/168. Let t(c) = -22*c - 14. Let p be t(-5). Calculate the highest common factor of q and